In base 8, what is -3 - 1026?
-1031
In base 6, what is 10 - 23545?
-23535
In base 10, what is 0 + 3797?
3797
In base 13, what is 2 - -29?
2b
In base 7, what is 10 - 100?
-60
In base 10, what is -34 + -5?
-39
In base 9, what is -3 - -744?
741
In base 15, what is -28 - 93?
-bb
In base 6, what is 12 - -4304?
4320
In base 6, what is -4122 - 0?
-4122
In base 13, what is -2 + -1c2?
-1c4
In base 8, what is 1211 + -1?
1210
In base 10, what is -990 + -4?
-994
In base 12, what is 1598b - 5?
15986
In base 5, what is -4410 - 4?
-4414
In base 2, what is -101 + 10?
-11
In base 16, what is -132 - 18?
-14a
In base 7, what is -2 + 31?
26
In base 12, what is -2 + -2194?
-2196
In base 15, what is 3 + -402?
-3ee
In base 15, what is -10 - 18?
-28
In base 8, what is 1161 - -20?
1201
In base 13, what is 203 - 0?
203
In base 9, what is 31 - -46?
77
In base 7, what is -4 - -51?
44
In base 7, what is -162 + -4?
-166
In base 15, what is 3e5 - -1?
3e6
In base 14, what is 848 + -1?
847
In base 14, what is 0 - -6?
6
In base 14, what is -224d - -1?
-224c
In base 9, what is -7587 + -1?
-7588
In base 8, what is -1107 + -4?
-1113
In base 9, what is -1 - 336?
-337
In base 4, what is -3013 + -11?
-3030
In base 3, what is -10 + 20021020?
20021010
In base 4, what is -12 + -230?
-302
In base 15, what is 4 + -16e7?
-16e3
In base 15, what is 2 + -c?
-a
In base 6, what is 1 + 1341?
1342
In base 13, what is -2 - 2?
-4
In base 12, what is 4 + 6b?
73
In base 11, what is -51 - 5?
-56
In base 12, what is 1598 + 4?
15a0
In base 10, what is -42 - 25?
-67
In base 15, what is -6 - -13?
c
In base 11, what is 5 + 14?
19
In base 7, what is -2 - 1134?
-1136
In base 10, what is 4 + -172?
-168
In base 2, what is -110000101 - 1?
-110000110
In base 12, what is -167 + 15?
-152
In base 9, what is 1621 - -1?
1622
In base 5, what is -2 - 1002?
-1004
In base 6, what is 41 + -10?
31
In base 2, what is -10100110 - 10?
-10101000
In base 8, what is -2 - -2441?
2437
In base 14, what is 27 - 108?
-c1
In base 6, what is 2 - -244?
250
In base 8, what is 32 + 0?
32
In base 8, what is -5 - 113?
-120
In base 7, what is -2 + 303?
301
In base 11, what is 9 + -1a?
-11
In base 15, what is -3a + -3?
-3d
In base 15, what is -129 - -1?
-128
In base 10, what is -4 + 179?
175
In base 9, what is 1 + -211?
-210
In base 12, what is -55 + 1?
-54
In base 3, what is -12 + -1220?
-2002
In base 3, what is -2 - -10121?
10112
In base 13, what is 11 + -4?
a
In base 5, what is 1 + 1402?
1403
In base 13, what is -b76 + 4?
-b72
In base 15, what is -1 + -2e?
-30
In base 11, what is -49 - 5?
-53
In base 14, what is 20 + 2bb?
2db
In base 7, what is 34 - 3?
31
In base 4, what is 322 - 2?
320
In base 10, what is 0 + -472?
-472
In base 16, what is 17 + -f1?
-da
In base 2, what is -111000011 - -11?
-111000000
In base 11, what is -1 - -13?
12
In base 2, what is 101 - -1100?
10001
In base 6, what is -41 + 0?
-41
In base 15, what is -16 - -4e8?
4d2
In base 14, what is 18c + 3?
191
In base 8, what is 222 - 0?
222
In base 5, what is 43 + -1?
42
In base 6, what is -3 - 1120?
-1123
In base 2, what is 10111 - 111?
10000
In base 15, what is -86 - 3?
-89
In base 3, what is -111201211 - 1?
-111201212
In base 13, what is -4a + c?
-3b
In base 8, what is -36 + -7?
-45
In base 6, what is 1141 - 102?
1035
In base 4, what is 230230 + -10?
230220
In base 15, what is -1 + 4a?
49
In base 12, what is -1 + 11?
10
In base 6, what is 3 - -353?
400
In base 11, what is 715 - -3?
718
In base 8, what is 2 + 2572?
2574
In base 12, what is 12 - 15?
-3
In base 14, what is -3 + -1c8?
-1cb
In base 16, what is -8 + 4a8?
4a0
In base 3, what is -10 + -110?
-120
In base 12, what is 5 + 13?
18
In base 16, what is 0 - 2e?
-2e
In base 5, what is 2 + 142211?
142213
In base 11, what is -869 - 1?
-86a
In base 13, what is -4 - 8a?
-91
In base 15, what is -1 + -ae?
-b0
In base 6, what is 3 + -2312?
-2305
In base 9, what is -28 - 32?
-61
In base 2, what is 1011011011 - -110?
1011100001
In base 14, what is 1 + 65?
66
In base 8, what is -5 + -6746?
-6753
In base 11, what is 12 + -468?
-456
In base 16, what is 1e2 - 2?
1e0
In base 3, what is -111 - -100?
-11
In base 5, what is -11440 + -3?
-11443
In base 14, what is 0 - 588?
-588
In base 3, what is 10001122110 + 11?
10001122121
In base 3, what is 111221 + -1?
111220
In base 2, what is -100 + 100100?
100000
In base 5, what is 131 + -112?
14
In base 12, what is -6 + -26?
-30
In base 6, what is -4 + 5?
1
In base 14, what is -1 - 2?
-3
In base 12, what is -10 + 16?
6
In base 14, what is -13 + -9?
-1c
In base 5, what is 2 + 240?
242
In base 13, what is 0 - 5b8?
-5b8
In base 11, what is 5 - 1a?
-15
In base 2, what is -100110101001011 + 1?
-100110101001010
In base 4, what is -112 - -121103?
120331
In base 9, what is 7 - 247?
-240
In base 9, what is 11 + -5600?
-5578
In base 7, what is -53 - 0?
-53
In base 8, what is -152 - -1?
-151
In base 8, what is -55 + 2?
-53
In base 6, what is -444 + -52?
-540
In base 6, what is 5 - -24?
33
In base 15, what is -53 - -1b?
-37
In base 9, what is -1562 + 2?
-1560
In base 14, what is 67 - 3?
64
In base 9, what is 1003 - 2?
1001
In base 6, what is -15010 + -3?
-15013
In base 14, what is -c7 - -18?
-ad
In base 5, what is -10 - 11?
-21
In base 2, what is 101 + 101000110?
101001011
In base 9, what is 2 - 1426?
-1424
In base 11, what is 2282 + 3?
2285
In base 3, what is 1002202010 - 2?
1002202001
In base 16, what is 92 - 63?
2f
In base 2, what is -1010 - 0?
-1010
In base 8, what is 4 + -4617?
-4613
In base 16, what is -66 + c?
-5a
In base 3, what is 100 + -10?
20
In base 7, what is 3042 - -3?
3045
In base 9, what is -5 + -28?
-34
In base 11, what is -276 + 4?
-272
In base 12, what is 4 + 7a?
82
In base 16, what is -3c + -4?
-40
In base 12, what is 64 + 16?
7a
In base 5, what is 4 + -240?
-231
In base 7, what is -522 - -1?
-521
In base 8, what is -6 - -24?
16
In base 5, what is 0 - -21023?
21023
In base 15, what is 43 + -d?
35
In base 7, what is -142 - -246?
104
In base 2, what is -11110 - 10011?
-110001
In base 14, what is 3 - 4c?
-49
In base 6, what is -3 + 1213?
1210
In base 13, what is 6 - 3?
3
In base 9, what is -5 + 37?
32
In base 13, what is c5b0 + -2?
c5ab
In base 11, what is -559 + 4?
-555
In base 13, what is -4 + 480?
479
In base 14, what is -3 - -a77?
a74
In base 7, what is 3333 + -2?
3331
In base 3, what is -2 + -10212212?
-10212221
In base 16, what is 16 + -40?
-2a
In base 3, what is 21121 + -11?
21110
In base 5, what is 2 + 3301?
3303
In base 12, what is -42 + -1?
-43
In base 3, what is -12 - -200?
111
In base 11, what is -14 - -116?
102
In base 5, what is 2 + 21102?
21104
In base 4, what is -31 - 22212?
-22303
In base 5, what is 121 - 331?
-210
In base 3, what is 1 - -2100?
2101
In base 8, what is -26 - -47?
21
In base 7, what is 1 - -112?
113
In base 12, what is 18 - 40?
-24
In base 6, what is -21 + 1033?
1012
In base 12, what is -24 - 3?
-27
In base 3, what is 20 - -112?
202
In base 9, what is 1 + -4?
-3
In base 3, what is 122012 - 2?
122010
In base 5, what is 0 + -44?
-44
In base 10, what is 5 - 4?
1
In base 14, what is 17 + 8?
21
In base 4, what is -223010 - 1?
-223011
In base 8, what is -4 + -115?
-121
In base 12, what is -b76 - 1?
-b77
In base 10, what is 4947 - 4?
4943
In base 9, what is -44 - 7?
-52
In base 3, what is -1210001 - 1?
-1210002
In base 7, what is -652 + -1?
-653
In base 11, what is -a + -808?
-817
In base 2, what is 1111000 - 100?
1110100
In base 6, what is 453301 + -3?
453254
In base 6, what is 30032 - -1?
30033
In base 15, what is -4c + 21?
-2b
In base 10, what is 3 + -297?
-294
In base 13, what is 4 + -a47?
-a43
In base 14, what is 1 - -20?
21
In base 3, what is -10 - 1122?
-1202
In base 8, what is -117 - 1?
-120
In base 16, what is 56 + -7?
4f
In base 3, what is 10 + -120200?
-120120
In base 8, what is -1 + 23?
22
In base 16, what is 395 - -3?
398
In base 3, what is -12 - 2201?
-2220
In base 5, what is -301 + -4?
-310
In base 7, what is 11 + -604?
-563
In base 7, what is 4 - -2014?
2021
In base 13, what is -b9 - -71?
-48
In base 14, what is -4 - -55?
51
In base 6, what is 3 - 234?
-231
In base 8, what is 5 - 2377?
-2372
In base 5, what is -12 + 0?
-12
In base 9, what is 23 + 24?
47
In base 16, what is 4a + 1e?
68
In base 11, what is -2304 + 2?
-2302
In base 6, what is 1 - -232?
